{"id":229,"date":"2025-09-06T13:12:11","date_gmt":"2025-09-06T17:12:11","guid":{"rendered":"https:\/\/staging.qcdm.net\/?page_id=229"},"modified":"2025-09-06T14:54:03","modified_gmt":"2025-09-06T18:54:03","slug":"billetterie","status":"publish","type":"page","link":"https:\/\/staging.qcdm.net\/index.php\/billetterie\/","title":{"rendered":"Billetterie"},"content":{"rendered":"\n<div class=\"wp-block-tposguten-block-iframe tposguten-iframe-wrapper undefined\"><script type=\"text\/javascript\" src=\"https:\/\/lepointdevente.com\/plugins\/widget.js?event=&amp;lang=&amp;height=500&amp;fluid=true&amp;color=&amp;scheme=&amp;org=\"><\/script><\/div>\n\n\n\n<p>Aucun \u00e9v\u00e9nement n&rsquo;est pr\u00e9sentement pr\u00e9vu. La billeterie sera disponible lorsqu&rsquo;un prochain \u00e9v\u00e9nement sera planifi\u00e9.<\/p>\n","protected":false},"excerpt":{"rendered":"<p>Aucun \u00e9v\u00e9nement n&rsquo;est pr\u00e9sentement pr\u00e9vu. La billeterie sera disponible lorsqu&rsquo;un prochain \u00e9v\u00e9nement sera planifi\u00e9.<\/p>\n","protected":false},"author":1,"featured_media":0,"parent":0,"menu_order":0,"comment_status":"closed","ping_status":"closed","template":"","meta":{"footnotes":""},"class_list":["post-229","page","type-page","status-publish","hentry"],"featured_image_src":"","featured_image_src_square":false,"rbea_author_info":{"display_name":"admin_bbq","author_link":"https:\/\/staging.qcdm.net\/index.php\/author\/admin_bbq\/"},"rbea_excerpt_info":"Aucun \u00e9v\u00e9nement n&rsquo;est pr\u00e9sentement pr\u00e9vu. La billeterie sera disponible lorsqu&rsquo;un prochain \u00e9v\u00e9nement sera planifi\u00e9.","_links":{"self":[{"href":"https:\/\/staging.qcdm.net\/index.php\/wp-json\/wp\/v2\/pages\/229","targetHints":{"allow":["GET"]}}],"collection":[{"href":"https:\/\/staging.qcdm.net\/index.php\/wp-json\/wp\/v2\/pages"}],"about":[{"href":"https:\/\/staging.qcdm.net\/index.php\/wp-json\/wp\/v2\/types\/page"}],"author":[{"embeddable":true,"href":"https:\/\/staging.qcdm.net\/index.php\/wp-json\/wp\/v2\/users\/1"}],"replies":[{"embeddable":true,"href":"https:\/\/staging.qcdm.net\/index.php\/wp-json\/wp\/v2\/comments?post=229"}],"version-history":[{"count":8,"href":"https:\/\/staging.qcdm.net\/index.php\/wp-json\/wp\/v2\/pages\/229\/revisions"}],"predecessor-version":[{"id":326,"href":"https:\/\/staging.qcdm.net\/index.php\/wp-json\/wp\/v2\/pages\/229\/revisions\/326"}],"wp:attachment":[{"href":"https:\/\/staging.qcdm.net\/index.php\/wp-json\/wp\/v2\/media?parent=229"}],"curies":[{"name":"wp","href":"https:\/\/api.w.org\/{rel}","templated":true}]}}